{"id":12466,"date":"2026-04-22T22:49:46","date_gmt":"2026-04-23T04:49:46","guid":{"rendered":"https:\/\/dermakaasstore.com\/?post_type=product&#038;p=12466"},"modified":"2026-04-22T23:12:04","modified_gmt":"2026-04-23T05:12:04","slug":"bioderma-sebium-serum-30-ml","status":"publish","type":"product","link":"https:\/\/dermakaasstore.com\/index.php\/product\/bioderma-sebium-serum-30-ml\/","title":{"rendered":"Bioderma S\u00e9bium S\u00e9rum, 30 ml."},"content":{"rendered":"","protected":false},"excerpt":{"rendered":"<p>S\u00e9rum anti imperfecciones y antienvejecimiento, para adultos que elimina los granos y los poros dilatados, reduce las marcas y previene la formaci\u00f3n de nuevas.<\/p>\n<ul>\n<li>Elimina los granos y los poros dilatados.<\/li>\n<li>Anti-marcas: reduce las marcas existentes y previene la formaci\u00f3n de nuevas.<\/li>\n<li>Efecto alisante: act\u00faa sobre los primeros signos de la edad alisando las l\u00edneas de expresi\u00f3n.<\/li>\n<\/ul>\n","protected":false},"featured_media":12482,"comment_status":"open","ping_status":"closed","template":"","meta":[],"product_brand":[],"product_cat":[15,339,340,321,317,338,364],"product_tag":[],"class_list":{"0":"post-12466","1":"product","2":"type-product","3":"status-publish","4":"has-post-thumbnail","6":"product_cat-uncategorized","7":"product_cat-acne","8":"product_cat-arrugas","9":"product_cat-bioderma","10":"product_cat-marcas-dermatologicas","11":"product_cat-necesidades-de-la-piel","12":"product_cat-ofertas","14":"first","15":"instock","16":"sale","17":"shipping-taxable","18":"purchasable","19":"product-type-simple","20":"add-to-wishlist-after_add_to_cart"},"group_of_quantity":0,"min_quantity":0,"max_quantity":"","exclude_order_quantity_value_rules":"no","exclude_category_quantity_rules":"no","combine_variations":"no","_links":{"self":[{"href":"https:\/\/dermakaasstore.com\/index.php\/wp-json\/wp\/v2\/product\/12466","targetHints":{"allow":["GET"]}}],"collection":[{"href":"https:\/\/dermakaasstore.com\/index.php\/wp-json\/wp\/v2\/product"}],"about":[{"href":"https:\/\/dermakaasstore.com\/index.php\/wp-json\/wp\/v2\/types\/product"}],"replies":[{"embeddable":true,"href":"https:\/\/dermakaasstore.com\/index.php\/wp-json\/wp\/v2\/comments?post=12466"}],"wp:featuredmedia":[{"embeddable":true,"href":"https:\/\/dermakaasstore.com\/index.php\/wp-json\/wp\/v2\/media\/12482"}],"wp:attachment":[{"href":"https:\/\/dermakaasstore.com\/index.php\/wp-json\/wp\/v2\/media?parent=12466"}],"wp:term":[{"taxonomy":"product_brand","embeddable":true,"href":"https:\/\/dermakaasstore.com\/index.php\/wp-json\/wp\/v2\/product_brand?post=12466"},{"taxonomy":"product_cat","embeddable":true,"href":"https:\/\/dermakaasstore.com\/index.php\/wp-json\/wp\/v2\/product_cat?post=12466"},{"taxonomy":"product_tag","embeddable":true,"href":"https:\/\/dermakaasstore.com\/index.php\/wp-json\/wp\/v2\/product_tag?post=12466"}],"curies":[{"name":"wp","href":"https:\/\/api.w.org\/{rel}","templated":true}]}}