{"id":12459,"date":"2026-04-22T22:33:25","date_gmt":"2026-04-23T04:33:25","guid":{"rendered":"https:\/\/dermakaasstore.com\/?post_type=product&#038;p=12459"},"modified":"2026-04-22T22:37:20","modified_gmt":"2026-04-23T04:37:20","slug":"bioderma-sebium-pore-refiner-30-ml","status":"publish","type":"product","link":"https:\/\/dermakaasstore.com\/index.php\/product\/bioderma-sebium-pore-refiner-30-ml\/","title":{"rendered":"Bioderma S\u00e9bium Pore Refiner, 30 ml."},"content":{"rendered":"","protected":false},"excerpt":{"rendered":"<div class=\"panel\">\n<div class=\"product-block\"><label>Crema correctora de poros dilatados, minimiza la apariencia de los poros dilatados en pieles mixtas y grasas. Su complejo patentado Fluidactiv\u2122 regula la calidad del sebo, previniendo la obstrucci\u00f3n de los poros y la formaci\u00f3n de imperfecciones. Enriquecido con \u00e1cido ag\u00e1rico, ayuda a cerrar los poros y afinar la textura de la piel, proporcionando un acabado m\u00e1s uniforme. Adem\u00e1s, su acci\u00f3n antioxidante preserva la luminosidad natural del rostro, dejando la piel suave y radiante.<\/label><\/div>\n<ul>\n<li>Alisa y afina la textura de la piel.<\/li>\n<li>Consigue un efecto mate de forma duradera.<\/li>\n<li>Previene las imperfecciones.<\/li>\n<\/ul>\n<\/div>\n","protected":false},"featured_media":12460,"comment_status":"open","ping_status":"closed","template":"","meta":[],"product_brand":[],"product_cat":[15,321,317,338,364,345],"product_tag":[],"class_list":{"0":"post-12459","1":"product","2":"type-product","3":"status-publish","4":"has-post-thumbnail","6":"product_cat-uncategorized","7":"product_cat-bioderma","8":"product_cat-marcas-dermatologicas","9":"product_cat-necesidades-de-la-piel","10":"product_cat-ofertas","11":"product_cat-piel-grasa","13":"first","14":"instock","15":"sale","16":"shipping-taxable","17":"purchasable","18":"product-type-simple","19":"add-to-wishlist-after_add_to_cart"},"group_of_quantity":0,"min_quantity":0,"max_quantity":"","exclude_order_quantity_value_rules":"no","exclude_category_quantity_rules":"no","combine_variations":"no","_links":{"self":[{"href":"https:\/\/dermakaasstore.com\/index.php\/wp-json\/wp\/v2\/product\/12459","targetHints":{"allow":["GET"]}}],"collection":[{"href":"https:\/\/dermakaasstore.com\/index.php\/wp-json\/wp\/v2\/product"}],"about":[{"href":"https:\/\/dermakaasstore.com\/index.php\/wp-json\/wp\/v2\/types\/product"}],"replies":[{"embeddable":true,"href":"https:\/\/dermakaasstore.com\/index.php\/wp-json\/wp\/v2\/comments?post=12459"}],"wp:featuredmedia":[{"embeddable":true,"href":"https:\/\/dermakaasstore.com\/index.php\/wp-json\/wp\/v2\/media\/12460"}],"wp:attachment":[{"href":"https:\/\/dermakaasstore.com\/index.php\/wp-json\/wp\/v2\/media?parent=12459"}],"wp:term":[{"taxonomy":"product_brand","embeddable":true,"href":"https:\/\/dermakaasstore.com\/index.php\/wp-json\/wp\/v2\/product_brand?post=12459"},{"taxonomy":"product_cat","embeddable":true,"href":"https:\/\/dermakaasstore.com\/index.php\/wp-json\/wp\/v2\/product_cat?post=12459"},{"taxonomy":"product_tag","embeddable":true,"href":"https:\/\/dermakaasstore.com\/index.php\/wp-json\/wp\/v2\/product_tag?post=12459"}],"curies":[{"name":"wp","href":"https:\/\/api.w.org\/{rel}","templated":true}]}}