{"id":12286,"date":"2026-04-18T00:09:07","date_gmt":"2026-04-18T06:09:07","guid":{"rendered":"https:\/\/dermakaasstore.com\/?post_type=product&#038;p=12286"},"modified":"2026-04-18T00:09:07","modified_gmt":"2026-04-18T06:09:07","slug":"avene-protector-solar-intense-protect-fps50-150-ml","status":"publish","type":"product","link":"https:\/\/dermakaasstore.com\/index.php\/product\/avene-protector-solar-intense-protect-fps50-150-ml\/","title":{"rendered":"Av\u00e8ne Protector Solar Intense Protect FPS50, 150 ml."},"content":{"rendered":"","protected":false},"excerpt":{"rendered":"<p>Protector Solar Intense Protect FPS 50+ de Av\u00e8ne es una f\u00f3rmula fluida ultra resistente al agua, dise\u00f1ada para ofrecer una protecci\u00f3n solar muy alta en rostro y cuerpo. Su textura se absorbe en 3 segundos, brindando una experiencia ligera y sin residuos. Libre de fragancia y enriquecido con Agua Termal de Av\u00e8ne y Pretocoferil, aporta confort a la piel mientras la ayuda a mantenerse protegida del sol.<\/p>\n<ul>\n<li>Ideal para personas con piel sensible que buscan una protecci\u00f3n eficaz en climas c\u00e1lidos o situaciones de alta exposici\u00f3n solar.<\/li>\n<li>Apto para toda la familia, incluso beb\u00e9s a partir de los 6 meses de edad.<\/li>\n<\/ul>\n","protected":false},"featured_media":12287,"comment_status":"open","ping_status":"closed","template":"","meta":[],"product_brand":[],"product_cat":[15,320,317,338,364,346],"product_tag":[],"class_list":{"0":"post-12286","1":"product","2":"type-product","3":"status-publish","4":"has-post-thumbnail","6":"product_cat-uncategorized","7":"product_cat-avene","8":"product_cat-marcas-dermatologicas","9":"product_cat-necesidades-de-la-piel","10":"product_cat-ofertas","11":"product_cat-proteccion-solar","13":"first","14":"instock","15":"sale","16":"shipping-taxable","17":"purchasable","18":"product-type-simple","19":"add-to-wishlist-after_add_to_cart"},"group_of_quantity":0,"min_quantity":0,"max_quantity":"","exclude_order_quantity_value_rules":"no","exclude_category_quantity_rules":"no","combine_variations":"no","_links":{"self":[{"href":"https:\/\/dermakaasstore.com\/index.php\/wp-json\/wp\/v2\/product\/12286","targetHints":{"allow":["GET"]}}],"collection":[{"href":"https:\/\/dermakaasstore.com\/index.php\/wp-json\/wp\/v2\/product"}],"about":[{"href":"https:\/\/dermakaasstore.com\/index.php\/wp-json\/wp\/v2\/types\/product"}],"replies":[{"embeddable":true,"href":"https:\/\/dermakaasstore.com\/index.php\/wp-json\/wp\/v2\/comments?post=12286"}],"wp:featuredmedia":[{"embeddable":true,"href":"https:\/\/dermakaasstore.com\/index.php\/wp-json\/wp\/v2\/media\/12287"}],"wp:attachment":[{"href":"https:\/\/dermakaasstore.com\/index.php\/wp-json\/wp\/v2\/media?parent=12286"}],"wp:term":[{"taxonomy":"product_brand","embeddable":true,"href":"https:\/\/dermakaasstore.com\/index.php\/wp-json\/wp\/v2\/product_brand?post=12286"},{"taxonomy":"product_cat","embeddable":true,"href":"https:\/\/dermakaasstore.com\/index.php\/wp-json\/wp\/v2\/product_cat?post=12286"},{"taxonomy":"product_tag","embeddable":true,"href":"https:\/\/dermakaasstore.com\/index.php\/wp-json\/wp\/v2\/product_tag?post=12286"}],"curies":[{"name":"wp","href":"https:\/\/api.w.org\/{rel}","templated":true}]}}