{"id":12188,"date":"2026-04-16T22:18:31","date_gmt":"2026-04-17T04:18:31","guid":{"rendered":"https:\/\/dermakaasstore.com\/?post_type=product&#038;p=12188"},"modified":"2026-04-17T10:59:26","modified_gmt":"2026-04-17T16:59:26","slug":"avene-cleanance-comedomed-concentrado-anti-imperfecciones","status":"publish","type":"product","link":"https:\/\/dermakaasstore.com\/index.php\/product\/avene-cleanance-comedomed-concentrado-anti-imperfecciones\/","title":{"rendered":"Avene Cleanance Comedomed, Concentrado Anti-imperfecciones"},"content":{"rendered":"","protected":false},"excerpt":{"rendered":"<ul class=\"a-unordered-list a-vertical a-spacing-mini\">\n<li class=\"a-spacing-mini\"><span class=\"a-list-item\">AYUDA A REDUCIR IMPERFECCIONES: Minimiza brotes y puntos negros sin resecar.<\/span><\/li>\n<li class=\"a-spacing-mini\"><span class=\"a-list-item\">COMEDOCLASTIN DE ORIGEN VEGETAL: Ingrediente patentado que regula el exceso de sebo.<\/span><\/li>\n<li class=\"a-spacing-mini\"><span class=\"a-list-item\">F\u00d3RMULA SIN PERFUME NI ALCOHOL: Alta tolerancia para pieles j\u00f3venes o sensibles.<\/span><\/li>\n<li class=\"a-spacing-mini\"><span class=\"a-list-item\">TEXTURA LIGERA NO COMEDOG\u00c9NICA: Se absorbe r\u00e1pido sin sensaci\u00f3n pegajosa.<\/span><\/li>\n<li class=\"a-spacing-mini\"><span class=\"a-list-item\">APLICACI\u00d3N ROSTRO Y ESPALDA: \u00dasalo por la ma\u00f1ana y noche en rostro, torso y espalda.<\/span><\/li>\n<\/ul>\n","protected":false},"featured_media":12189,"comment_status":"open","ping_status":"closed","template":"","meta":[],"product_brand":[],"product_cat":[15,339,320,317],"product_tag":[],"class_list":{"0":"post-12188","1":"product","2":"type-product","3":"status-publish","4":"has-post-thumbnail","6":"product_cat-uncategorized","7":"product_cat-acne","8":"product_cat-avene","9":"product_cat-marcas-dermatologicas","11":"first","12":"instock","13":"shipping-taxable","14":"purchasable","15":"product-type-simple","16":"add-to-wishlist-after_add_to_cart"},"group_of_quantity":0,"min_quantity":0,"max_quantity":"","exclude_order_quantity_value_rules":"no","exclude_category_quantity_rules":"no","combine_variations":"no","_links":{"self":[{"href":"https:\/\/dermakaasstore.com\/index.php\/wp-json\/wp\/v2\/product\/12188","targetHints":{"allow":["GET"]}}],"collection":[{"href":"https:\/\/dermakaasstore.com\/index.php\/wp-json\/wp\/v2\/product"}],"about":[{"href":"https:\/\/dermakaasstore.com\/index.php\/wp-json\/wp\/v2\/types\/product"}],"replies":[{"embeddable":true,"href":"https:\/\/dermakaasstore.com\/index.php\/wp-json\/wp\/v2\/comments?post=12188"}],"wp:featuredmedia":[{"embeddable":true,"href":"https:\/\/dermakaasstore.com\/index.php\/wp-json\/wp\/v2\/media\/12189"}],"wp:attachment":[{"href":"https:\/\/dermakaasstore.com\/index.php\/wp-json\/wp\/v2\/media?parent=12188"}],"wp:term":[{"taxonomy":"product_brand","embeddable":true,"href":"https:\/\/dermakaasstore.com\/index.php\/wp-json\/wp\/v2\/product_brand?post=12188"},{"taxonomy":"product_cat","embeddable":true,"href":"https:\/\/dermakaasstore.com\/index.php\/wp-json\/wp\/v2\/product_cat?post=12188"},{"taxonomy":"product_tag","embeddable":true,"href":"https:\/\/dermakaasstore.com\/index.php\/wp-json\/wp\/v2\/product_tag?post=12188"}],"curies":[{"name":"wp","href":"https:\/\/api.w.org\/{rel}","templated":true}]}}