{"id":12055,"date":"2026-04-15T13:31:56","date_gmt":"2026-04-15T19:31:56","guid":{"rendered":"https:\/\/dermakaasstore.com\/?post_type=product&#038;p=12055"},"modified":"2026-04-17T12:52:28","modified_gmt":"2026-04-17T18:52:28","slug":"bioderma-sebium-pore-refiner-40ml","status":"publish","type":"product","link":"https:\/\/dermakaasstore.com\/index.php\/product\/bioderma-sebium-pore-refiner-40ml\/","title":{"rendered":"Bioderma Sebium Pore Refiner 40Ml"},"content":{"rendered":"","protected":false},"excerpt":{"rendered":"<p>Bioderma Sebium Pore Refiner es un Tratamiento Corrector para poros dilatados. Presentaci\u00f3n de 40 ml<\/p>\n<p>S\u00e9bium Pore Refiner est\u00e1 espec\u00edficamente formulado para disminuir los poros diltados en pieles mixtas o grasas: El complejo exclusivo patentado Fluidactiv\u2122 normaliza de manera biol\u00f3gica la calidad del sebo, lo que evita la obstrucci\u00f3n de los poros y limita la formaci\u00f3n de las imperfecciones. El \u00e1cido ag\u00e1rico, un potente astringente, vuelve a cerrar los poros y afina la textura de la piel.Los agentes antioxidantes preservan el resplandor natural de la piel.<\/p>\n<p>&nbsp;<\/p>\n<ul>\n<li>Uso:<\/li>\n<\/ul>\n<p>PASO 1; Aplicar S\u00e9bium Pore Refiner sobre la piel previamente lavada con S\u00e9bium Gel Moussant o S\u00e9bium Agua Micelar.<\/p>\n<p>PASO 2:Aplicar solo o antes de tu tratamiento diario.<\/p>\n<p>PASO 3: Aplicar en todo el rostro en caso de pieles grasas o en zona T en el caso de pieles mixtas.<\/p>\n","protected":false},"featured_media":12056,"comment_status":"open","ping_status":"closed","template":"","meta":[],"product_brand":[],"product_cat":[15,321,317,338,364,345,357],"product_tag":[],"class_list":{"0":"post-12055","1":"product","2":"type-product","3":"status-publish","4":"has-post-thumbnail","6":"product_cat-uncategorized","7":"product_cat-bioderma","8":"product_cat-marcas-dermatologicas","9":"product_cat-necesidades-de-la-piel","10":"product_cat-ofertas","11":"product_cat-piel-grasa","12":"product_cat-serum","14":"first","15":"instock","16":"sale","17":"shipping-taxable","18":"purchasable","19":"product-type-simple","20":"add-to-wishlist-after_add_to_cart"},"group_of_quantity":0,"min_quantity":0,"max_quantity":"","exclude_order_quantity_value_rules":"no","exclude_category_quantity_rules":"no","combine_variations":"no","_links":{"self":[{"href":"https:\/\/dermakaasstore.com\/index.php\/wp-json\/wp\/v2\/product\/12055","targetHints":{"allow":["GET"]}}],"collection":[{"href":"https:\/\/dermakaasstore.com\/index.php\/wp-json\/wp\/v2\/product"}],"about":[{"href":"https:\/\/dermakaasstore.com\/index.php\/wp-json\/wp\/v2\/types\/product"}],"replies":[{"embeddable":true,"href":"https:\/\/dermakaasstore.com\/index.php\/wp-json\/wp\/v2\/comments?post=12055"}],"wp:featuredmedia":[{"embeddable":true,"href":"https:\/\/dermakaasstore.com\/index.php\/wp-json\/wp\/v2\/media\/12056"}],"wp:attachment":[{"href":"https:\/\/dermakaasstore.com\/index.php\/wp-json\/wp\/v2\/media?parent=12055"}],"wp:term":[{"taxonomy":"product_brand","embeddable":true,"href":"https:\/\/dermakaasstore.com\/index.php\/wp-json\/wp\/v2\/product_brand?post=12055"},{"taxonomy":"product_cat","embeddable":true,"href":"https:\/\/dermakaasstore.com\/index.php\/wp-json\/wp\/v2\/product_cat?post=12055"},{"taxonomy":"product_tag","embeddable":true,"href":"https:\/\/dermakaasstore.com\/index.php\/wp-json\/wp\/v2\/product_tag?post=12055"}],"curies":[{"name":"wp","href":"https:\/\/api.w.org\/{rel}","templated":true}]}}